-3523214
What is -78190e (base 16) in base 14?
-108c4b4
What is 728272 (base 14) in base 5?
1442122134
-19814 (base 11) to base 6
-331443
Convert -132130155 (base 7) to base 11.
-4882320
What is -188190 (base 12) in base 13?
-120234
What is -481340 (base 12) in base 4?
-10130002200
-34560662 (base 7) to base 6
-145054032
What is 112310100020 (base 4) in base 7?
101560610
What is 2011213 (base 4) in base 16?
2167
Convert -37734 (base 13) to base 15.
-20493
Convert 232003321 (base 4) to base 3.
100120210121
What is a0919 (base 14) in base 12?
167423
What is -21021213230 (base 4) in base 7?
-26250203
Convert 5a077 (base 13) to base 15.
33cb8
What is -2021112011101 (base 3) in base 6?
-41542231
-103730 (base 10) to base 4
-121110302
Convert 11645480 (base 9) to base 5.
2424331424
1204344034 (base 5) to base 10
2809269
-677aa (base 12) to base 6
-2541134
302242340 (base 5) to base 8
4477474
Convert 12411010 (base 7) to base 16.
113974
Convert -310442011 (base 5) to base 9.
-2337540
What is -2215162 (base 7) in base 4?
-1002223201
-110203222112 (base 4) to base 2
-10100100011101010010110
Convert 2212244 (base 7) to base 13.
96b30
1021101220201 (base 3) to base 7
5520166
Convert -452441 (base 9) to base 11.
-175520
What is -103012223 (base 4) in base 9?
-128305
-2004244 (base 8) to base 5
-113322000
What is 24724047 (base 8) in base 6?
313302035
Convert -1ee48 (base 15) to base 3.
-12010200012
Convert -1221100102221 (base 3) to base 14.
-1cb71d
Convert 2191a (base 16) to base 7.
1111604
What is 242173 (base 9) in base 12?
70563
-7a987 (base 16) to base 6
-14432435
111002120111001 (base 3) to base 4
122203010122
Convert 274153 (base 12) to base 3.
1020000112200
What is 2531c (base 15) in base 16?
1d02b
Convert 20413404 (base 5) to base 4.
221131332
Convert 11001000111011000111 (base 2) to base 8.
3107307
What is 11233311001 (base 4) in base 5?
341203000
What is 7337484 (base 9) in base 3?
21101021112211
Convert -992 (base 10) to base 4.
-33200
What is -850735 (base 10) in base 3?
-1121012222201
c4281 (base 13) to base 6
11313243
Convert 10002020132 (base 4) to base 6.
34354542
10000111010011 (base 2) to base 11
6562
What is 1c315 (base 15) in base 14?
25668
What is 899c (base 16) in base 5?
2111403
Convert 443127 (base 8) to base 13.
52b18
Convert 1032723 (base 8) to base 13.
9878b
Convert -110202000001 (base 3) to base 7.
-2063062
What is 1133411311 (base 5) in base 8?
12040773
What is -16910 (base 11) in base 5?
-1224402
What is 744530 (base 8) in base 14?
66612
Convert -177524 (base 9) to base 4.
-122332222
566412 (base 9) to base 15
6a815
What is 637501 (base 10) in base 2?
10011011101000111101
Convert 199216b (base 13) to base 10.
8430147
What is 30250421 (base 7) in base 10?
2516459
What is 1013222313 (base 4) in base 14?
78da7
Convert -4044145 (base 6) to base 7.
-1431626
Convert -6771c5 (base 14) to base 11.
-1a91219
What is -c29a0 (base 14) in base 12?
-1a7080
Convert -42c31 (base 15) to base 14.
-57388
Convert -1110001110010101010 (base 2) to base 7.
-3650602
What is 905566 (base 12) in base 10?
2248926
-133200023331 (base 4) to base 2
-11111100000001011111101
What is 111111100001000000011 (base 2) in base 15?
2b1a23
Convert -1e02b0 (base 15) to base 2.
-101100110100101000100
What is -31102001321 (base 4) in base 7?
-41410535
What is -110010010000111101 (base 2) in base 7?
-1515151
Convert -3131507 (base 8) to base 13.
-231b02
Convert 147504 (base 11) to base 15.
4802b
21012300 (base 5) to base 12
84021
What is 66bfa (base 16) in base 7?
3401664
Convert 386362 (base 9) to base 15.
49658
Convert -41101 (base 11) to base 3.
-10001022212
Convert 2201222211 (base 4) to base 9.
1218306
-21120212112 (base 3) to base 7
-1161266
-3c2492 (base 14) to base 4
-13330001200
261635 (base 9) to base 8
465767
42b668 (base 16) to base 10
4372072
-174a8a (base 14) to base 12
-336502
Convert 583555 (base 9) to base 16.
558a7
Convert -809283 (base 12) to base 3.
-10202221112100
What is 1400023 (base 6) in base 13?
29529
Convert 964d7 (base 14) to base 8.
1305255
-1172272 (base 8) to base 16
-4f4ba
44803b (base 13) to base 16
18ac92
What is -34c413 (base 13) in base 16?
-13270b
-3134154 (base 8) to base 7
-10041310
Convert 7675a (base 15) to base 5.
44020120
Convert -2133223121 (base 4) to base 3.
-1020020011202
Convert 45001 (base 13) to base 10.
125230
Convert 17331502 (base 10) to base 8.
102072456
What is -923a0 (base 11) in base 14?
-37240
-17c420c (base 13) to base 3
-112122011001002
Convert 2158507 (base 9) to base 2.
100011011011100010100
What is -3274754 (base 8) in base 4?
-3113213230
Convert 10214440 (base 5) to base 15.
1a580
Convert -1504405 (base 9) to base 6.
-25442135
What is -1020332110 (base 4) in base 13?
-a6084
2686659 (base 10) to base 3
12001111101220
What is -210222611 (base 7) in base 5?
-11133030144
11233368 (base 9) to base 15
72b308
-22320300300 (base 4) to base 7
-33154341
What is -441747 (base 8) in base 11?
-a159a
-6c4f7 (base 16) to base 8
-1542367
What is -a8898 (base 13) in base 3?
-120110220211
Convert -434042400 (base 5) to base 16.
-1c6a51
-26500255 (base 7) to base 12
-996481
What is 2488761 (base 9) in base 13?
387181
Convert -1632542 (base 8) to base 13.
-13704b
1543661 (base 10) to base 5
343344121
-43133202 (base 7) to base 6
-210413110
Convert 4d1b1d (base 14) to base 13.
71c9a4
Convert -2203021232 (base 4) to base 15.
-d3015
What is -143bd (base 16) in base 12?
-3bb65
eea40c (base 16) to base 11
8912266
Convert -146ab2 (base 13) to base 8.
-1721512
What is 2152043 (base 6) in base 10?
108027
441253 (base 6) to base 16
8f01
-1ceba4 (base 15) to base 9
-2588371
Convert 90576 (base 10) to base 5.
10344301
-21402213 (base 8) to base 14
-876391
What is 5456665 (base 8) in base 3?
2202110200012
Convert 4c140 (base 13) to base 15.
2bad9
Convert -330030130210 (base 4) to base 14.
-214a83a
Convert 1101110001111001111000 (base 2) to base 6.
205231304
749d6 (base 14) to base 2
1000100110011110000
What is -100220101212 (base 3) in base 8?
-574570
What is -2023011103 (base 4) in base 2?
-10001011000101010011
Convert 9ef85b (base 16) to base 10.
10418267
Convert a4a54 (base 14) to base 4.
1200331302
What is 1120010110120 (base 3) in base 15?
115a5c
Convert 132000323230 (base 4) to base 6.
440350324
What is 7a24 (base 16) in base 13?
11303
Convert 2614427 (base 8) to base 11.
45749a
b90ec (base 15) to base 4
2033123100
What is 114661 (base 14) in base 15?
b956c
What is -436609 (base 11) in base 3?
-1022101220012
What is 1000000111101010110101 (base 2) in base 4?
20013222311
Convert -10021211222 (base 3) to base 7.
-356561
-2462540 (base 7) to base 16
-4d9c3
What is 10892b3 (base 12) in base 5?
1302332342
What is d6597 (base 14) in base 4?
1332031321
What is -31112002132 (base 4) in base 10?
-3498142
-a692b0 (base 12) to base 3
-11221112220120
What is -1faa3 (base 16) in base 9?
-216820
-5f8ee (base 16) to base 2
-1011111100011101110
What is -73613a (base 14) in base 3?
-21022222022021
What is -3646545 (base 9) in base 6?
-110233105
What is -23193 (base 15) in base 9?
-180243
Convert 323231121 (base 4) to base 7.
2036013
What is -2894740 (base 10) in base 14?
-554d12
Convert 11000414 (base 5) to base 4.
112322203
What is 9b71 (base 12) in base 3?
212121211
What is -442340444 (base 5) in base 8?
-7242451
What is -12cc6b2 (base 15) in base 2?
-110011101110010001101100
Convert -232111102 (base 4) to base 14.
-4d238
Convert 9c94aa (base 13) to base 16.
38887e
Convert 4f9f11 (base 16) to base 7.
62232006
-334015441 (base 6) to base 10
-6067825
What is -1977674 (base 10) in base 15?
-290e9e
544818a (base 12) to base 9
33130367
513520 (base 8) to base 9
277835
3102040 (base 5) to base 10
50270
What is 1503364 (base 7) in base 10?
202906
160957 (base 11) to base 7
2061001
-d0440 (base 16) to base 10
-853056
194951 (base 10) to base 15
3cb6b
What is 2304334213 (base 5) in base 10?
5152433
What is -e159 (base 15) in base 11?
-32806
-113658 (base 10) to base 12
-55936
What is 1faee (base 16) in base 8?
375356
5916c2 (base 13) to base 2
1000000100110100010011
Convert 1ea82 (base 15) to base 11.
69354
12731423 (base 9) to base 4
113331030033
What is -25e3d9 (base 15) in base 14?
-3553a4
Convert -515025353 (base 6) to base 2.
-10001000000010001